
True
Is 854327283 a multiple of 101?
False
Does 6 divide 16670106?
True
Is 113 a factor of 133120962?
False
Is 13 a factor of 64032891?
True
Does 29 divide 53641126?
True
Is 1830581300 a multiple of 20?
True
Is 600 a factor of 5816391600?
True
Is 9169228 a multiple of 11?
False
Does 11 divide 7451456?
False
Is 24 a factor of 1484118124?
False
Is 21605568 a multiple of 131?
True
Is 419 a factor of 289251521?
False
Is 2782 a factor of 548332759?
False
Does 294 divide 144190242?
True
Is 6249829 even?
False
Is 40 a factor of 92505720?
True
Does 41 divide 9794613?
True
Is 4922 a factor of 489724234?
True
Does 26 divide 1304994392?
True
Is 36 a factor of 506104446?
False
Does 81 divide 3178035?
True
Is 207 a factor of 1164789?
True
Does 8 divide 3216240?
True
Does 86 divide 1000092624?
True
Is 969808 a multiple of 8?
True
Is 29 a factor of 53000146?
False
Is 1080419130 a multiple of 664?
False
Does 337 divide 105112659?
True
Is 324 a factor of 102890758?
False
Is 3080 a factor of 304547320?
True
Is 483371931 a multiple of 357?
True
Is 1150380176 a multiple of 110?
False
Is 238249588 a multiple of 2636?
True
Does 727 divide 138309569?
True
Is 484 a factor of 59514862?
False
Does 13 divide 11439716?
False
Is 3406886 a multiple of 14?
True
Is 3121 a factor of 2465962987?
False
Is 72 a factor of 275418117?
False
Is 159 a factor of 359479443?
True
Is 6686 a factor of 1987915976?
False
Does 163 divide 308547264?
True
Is 206 a factor of 60888442?
False
Is 363 a factor of 869557062?
True
Is 500 a factor of 483382500?
True
Is 8863 a factor of 907376214?
True
Does 710 divide 143570059?
False
Is 7 a factor of 170920309?
True
Is 521 a factor of 24238517?
False
Is 33 a factor of 14477562?
True
Is 298819650 a multiple of 475?
True
Is 14523492 a multiple of 1754?
False
Is 114 a factor of 90544614?
True
Does 276 divide 39436260?
True
Is 12 a factor of 1260326673?
False
Does 80 divide 644408560?
True
Is 16410664 a multiple of 37?
False
Is 449 a factor of 104012646?
True
Is 63 a factor of 49680794?
False
Is 676 a factor of 441113660?
True
Is 260 a factor of 364694200?
True
Does 17 divide 260822891?
True
Is 446 a factor of 3610046?
False
Is 4288074 a multiple of 322?
True
Is 100 a factor of 335027500?
True
Is 910949302 a multiple of 5094?
False
Is 22644805 a multiple of 657?
False
Is 50939563 a multiple of 2188?
False
Is 2913 a factor of 1639404094?
False
Does 15 divide 56970525?
True
Does 108 divide 1374850584?
True
Is 167669504 a multiple of 653?
True
Does 608 divide 1242787872?
True
Does 88 divide 95837661?
False
Does 12 divide 112293009?
False
Is 2129 a factor of 281251545?
True
Is 63521232 a multiple of 93?
True
Is 125076784 a multiple of 1616?
True
Is 1727372 a multiple of 96?
False
Does 74 divide 317453636?
True
Is 3473109434 a multiple of 12108?
False
Is 160 a factor of 1941029412?
False
Is 579730214 a multiple of 602?
True
Does 5526 divide 51393002?
False
Does 3561 divide 1014763926?
True
Is 533842474 a multiple of 1882?
True
Is 4621 a factor of 86223239?
True
Is 129134275 a multiple of 2652?
False
Is 92806015 a multiple of 42?
False
Does 32 divide 11957568?
True
Does 4776 divide 386459592?
True
Is 32094030 a multiple of 28?
False
Is 61 a factor of 67873419?
True
Is 296 a factor of 138297120?
True
Does 227 divide 3340076177?
False
Does 479 divide 21718339?
True
Is 1470036142 a multiple of 34?
False
Is 3776554665 a multiple of 4995?
True
Does 800 divide 26124800?
True
Is 120994400 a multiple of 4?
True
Does 96 divide 1542990542?
False
Is 64884070 a multiple of 325?
False
Is 14 a factor of 283023912?
False
Does 2291 divide 30325967?
True
Is 124066404 a multiple of 36?
True
Is 102063006 a multiple of 667?
True
Is 64 a factor of 477904134?
False
Is 128315940 a multiple of 1220?
True
Is 281844596 a multiple of 6284?
False
Is 40590468 a multiple of 2?
True
Does 10404 divide 1785159936?
True
Does 340 divide 280999120?
True
Does 3 divide 238087224?
True
Is 31 a factor of 2808189972?
False
Is 25510071 a multiple of 24?
False
Is 33760978 a multiple of 9?
False
Does 39 divide 23939058?
True
Is 1154 a factor of 142529386?
True
Does 91 divide 3579703089?
False
Does 518 divide 11528608?
True
Is 139 a factor of 627485476?
True
Does 14 divide 589305024?
True
Is 44 a factor of 50738526?
False
Is 25257936 a multiple of 17?
False
Does 11 divide 47579393?
False
Is 674 a factor of 12794947?
False
Is 5 a factor of 86904244?
False
Does 58 divide 192660576?
False
Does 140 divide 483093380?
True
Is 20 a factor of 4437831?
False
Is 10796100 a multiple of 12?
True
Is 7 a factor of 2417198?
True
Is 288 a factor of 27167409?
False
Is 7 a factor of 3834027646?
False
Is 6631192 a multiple of 15?
False
Is 14197228 a multiple of 45?
False
Does 465 divide 3411266970?
True
Does 284 divide 105243016?
True
Is 106412854 a multiple of 6?
False
Does 222 divide 68331867?
False
Is 17966389 a multiple of 43?
True
Is 5 a factor of 37538936?
False
Does 144 divide 1083555792?
True
Does 132 divide 72774803?
False
Does 60 divide 904378920?
True
Is 196405164 a multiple of 43?
False
Is 27090689 a multiple of 2?
False
Is 524795920 a multiple of 5762?
False
Does 100 divide 4620809?
False
Is 17 a factor of 467670?
True
Does 43 divide 1290159874?
True
Does 153 divide 5180852?
False
Is 13 a factor of 762742058?
True
Is 43208172 a multiple of 31?
True
Is 478 a factor of 43410033?
False
Does 297 divide 176423667?
False
Is 222465163 a multiple of 103?
False
Is 463 a factor of 157668122?
False
Is 145196045 a multiple of 3?
False
Does 93 divide 932394657?
True
Does 118 divide 67035947?
False
Does 297 divide 29065311?
True
Is 44 a factor of 2956032244?
True
Is 965 a factor of 138762175?
True
Is 38 a factor of 124817764?
True
Does 2 divide 68320732?
True
Is 5097729 a multiple of 923?
True
Is 592074971 a multiple of 566?
False
Is 1292 a factor of 119159939?
False
Is 3748561 a multiple of 502?
False
Is 20 a factor of 448410960?
True
Does 13 divide 425882305?
False
Is 469023336 a multiple of 822?
True
Does 914 divide 35266690?
True
Is 42193678 a multiple of 323?
False
Is 22 a factor of 432569546?
False
Does 647 divide 596095981?
True
Does 11 divide 367890413?
True
Is 2393802 a multiple of 14?
False
Is 6 a factor of 35776697?
False
Is 658 a factor of 15709092?
True
Does 33 divide 1949910072?
True
Is 31537066 a multiple of 3?
False
Does 14 divide 1190324105?
False
Does 34 divide 27343748?
False
Is 1465194225 a multiple of 2273?
False
Does 1766 divide 134198311?
False
Is 7292885 a multiple of 185?
True
Is 57 a factor of 27215163?
True
Does 5 divide 3637289?
False
Is 13 a factor of 1899573?
True
Is 111556140 a multiple of 1105?
False
Is 219 a factor of 42876039?
True
Is 176077272 a multiple of 434?
True
Does 521 divide 1512404846?
False
Does 425 divide 713051579?
False
Is 48 a factor of 42265679?
False
Is 395 a factor of 577790153?
False
Is 8930160 a multiple of 90?
True
Does 18 divide 1108733418?
True
Is 6 a factor of 382162014?
True
Is 84322359 a multiple of 6?
False
Is 601 a factor of 11349885?
True
Is 42 a factor of 98175436?
False
Is 276857199 a multiple of 408?
False
Is 657 a factor of 719266518?
True
Is 123 a factor of 539476955?
False
Does 551 divide 608782268?
True
Is 39 a factor of 586562847?
True
Is 718 a factor of 109140876?
False
Is 1427358394 a multiple of 266?
True
Is 135780086 a multiple of 3?
False
Does 36 divide 52558740?
True
Is 40506058 a multiple of 90?
False
Does 41 divide 1207479110?
True
Does 36 divide 244660340?
False
Is 202 a factor of 9683880?
True
Does 651 divide 250776074?
False
Is 248 a factor of 71452572?
False
Is 45 a factor of 155795817?
False
Is 15 a factor of 18535588?
False
Is 96452411 a multiple of 1634?
False
Is 10 a factor of 152526402?
False
Is 4 a factor of 43837880?
True
Is 833 a factor of 26135375?
True
Is 14 a factor of 287501824?
False
Is 303 a factor of 1325896791?
True
Does 11 divide 25390013?
True
Is 12 a factor of 95708088?
True
Is 22194349 a multiple of 257?
False
Is 15 a factor of 96552260?
False
Does 56 divide 134100587?
False
Is 3382075208 a multiple of 17?
False
Is 5638320 a multiple of 82?
True
Is 131 a factor of 73461437?
False
Does 362 divide 100881403?
False
Is 71 a factor of 1175113796?
False
Is 193 a factor of 125808475?
False
Is 43842913 a multiple of 215?
Fals